{"id":258,"date":"2021-10-15T17:07:17","date_gmt":"2021-10-15T15:07:17","guid":{"rendered":"https:\/\/ln-digital.fr\/SOPHIEMONAVOCATE\/?post_type=product&#038;p=258"},"modified":"2022-06-07T11:53:18","modified_gmt":"2022-06-07T09:53:18","slug":"la-politique-de-confidentialite","status":"publish","type":"product","link":"https:\/\/ln-digital.fr\/SOPHIEMONAVOCATE\/services\/la-politique-de-confidentialite\/","title":{"rendered":"Une politique de confidentialit\u00e9"},"content":{"rendered":"","protected":false},"excerpt":{"rendered":"<p><strong>Pour qui ?<\/strong><br \/>\nPour ceux qui collecte des donn\u00e9es \u00e0 caract\u00e8re personnel.<\/p>\n<p><b>Qu&rsquo;est ce que c&rsquo;est ? <\/b><br \/>\nUn document qui encadre la collecte des donn\u00e9es \u00e0 caract\u00e8re personnel des utilisateurs par le responsable de traitement dans le cadre de son activit\u00e9.<\/p>\n<p><b>Pourquoi ? <\/b><br \/>\nPour informer l\u2019internaute de l\u2019utilisation qui est faite de ses donn\u00e9es.<br \/>\n<i>Ex\u00a0: quel type de donn\u00e9es\/ les finalit\u00e9s du traitement\/ les destinataires \u2026.<\/i><\/p>\n<blockquote><p>\u00ab Tout organisme qui collecte des donn\u00e9es \u00e0 caract\u00e8re personnel a l\u2019obligation de mettre en place une politique de confidentialit\u00e9. \u00bb<\/p><\/blockquote>\n<p>&nbsp;<\/p>\n","protected":false},"featured_media":704,"comment_status":"open","ping_status":"closed","template":"","meta":[],"product_cat":[16],"product_tag":[25],"class_list":["post-258","product","type-product","status-publish","has-post-thumbnail","hentry","product_cat-les-documents","product_tag-rgpd"],"acf":[],"_links":{"self":[{"href":"https:\/\/ln-digital.fr\/SOPHIEMONAVOCATE\/wp-json\/wp\/v2\/product\/258","targetHints":{"allow":["GET"]}}],"collection":[{"href":"https:\/\/ln-digital.fr\/SOPHIEMONAVOCATE\/wp-json\/wp\/v2\/product"}],"about":[{"href":"https:\/\/ln-digital.fr\/SOPHIEMONAVOCATE\/wp-json\/wp\/v2\/types\/product"}],"replies":[{"embeddable":true,"href":"https:\/\/ln-digital.fr\/SOPHIEMONAVOCATE\/wp-json\/wp\/v2\/comments?post=258"}],"wp:featuredmedia":[{"embeddable":true,"href":"https:\/\/ln-digital.fr\/SOPHIEMONAVOCATE\/wp-json\/wp\/v2\/media\/704"}],"wp:attachment":[{"href":"https:\/\/ln-digital.fr\/SOPHIEMONAVOCATE\/wp-json\/wp\/v2\/media?parent=258"}],"wp:term":[{"taxonomy":"product_cat","embeddable":true,"href":"https:\/\/ln-digital.fr\/SOPHIEMONAVOCATE\/wp-json\/wp\/v2\/product_cat?post=258"},{"taxonomy":"product_tag","embeddable":true,"href":"https:\/\/ln-digital.fr\/SOPHIEMONAVOCATE\/wp-json\/wp\/v2\/product_tag?post=258"}],"curies":[{"name":"wp","href":"https:\/\/api.w.org\/{rel}","templated":true}]}}