{"id":326,"date":"2021-12-06T15:29:50","date_gmt":"2021-12-06T14:29:50","guid":{"rendered":"https:\/\/ln-digital.fr\/SOPHIEMONAVOCATE\/?post_type=product&#038;p=326"},"modified":"2022-06-07T11:53:05","modified_gmt":"2022-06-07T09:53:05","slug":"les-conditions-generales-dutilisation","status":"publish","type":"product","link":"https:\/\/ln-digital.fr\/SOPHIEMONAVOCATE\/services\/les-conditions-generales-dutilisation\/","title":{"rendered":"Des conditions g\u00e9n\u00e9rales d\u2019utilisation"},"content":{"rendered":"","protected":false},"excerpt":{"rendered":"<p><strong>Pour qui ?<\/strong><br \/>\nPour celui qui a un site e-commerce ou un site internet marchand ou non marchand.<\/p>\n<p><b>Qu&rsquo;est ce que c&rsquo;est ? <\/b><br \/>\nUn document qui d\u00e9finit les modalit\u00e9s d\u2019utilisation d\u2019un site internet.<\/p>\n<p><b>Pourquoi ? <\/b><br \/>\npour encadrer la relation entre l\u2019utilisateur et l\u2019op\u00e9rateur de la plateforme ou encore l\u2019\u00e9diteur et \u00e0 d\u00e9faut l\u2019h\u00e9bergeur.<br \/>\n<i>Ex\u00a0: description du site, droits et obligations de l\u2019utilisateur sur le site, acc\u00e8s technique\u2026<\/i><\/p>\n<blockquote><p>\u00ab Vos CGU doivent \u00eatre lisibles et intelligibles pour \u00eatre comprises et accept\u00e9es par tous. De plus, il a pu \u00eatre jug\u00e9 que des CGU illisibles ou inintelligibles pouvaient \u00eatre consid\u00e9r\u00e9es comme illicites\u00a0! \u00bb<\/p><\/blockquote>\n<p>&nbsp;<\/p>\n","protected":false},"featured_media":702,"comment_status":"open","ping_status":"closed","template":"","meta":[],"product_cat":[16],"product_tag":[],"class_list":["post-326","product","type-product","status-publish","has-post-thumbnail","hentry","product_cat-les-documents"],"acf":[],"_links":{"self":[{"href":"https:\/\/ln-digital.fr\/SOPHIEMONAVOCATE\/wp-json\/wp\/v2\/product\/326","targetHints":{"allow":["GET"]}}],"collection":[{"href":"https:\/\/ln-digital.fr\/SOPHIEMONAVOCATE\/wp-json\/wp\/v2\/product"}],"about":[{"href":"https:\/\/ln-digital.fr\/SOPHIEMONAVOCATE\/wp-json\/wp\/v2\/types\/product"}],"replies":[{"embeddable":true,"href":"https:\/\/ln-digital.fr\/SOPHIEMONAVOCATE\/wp-json\/wp\/v2\/comments?post=326"}],"wp:featuredmedia":[{"embeddable":true,"href":"https:\/\/ln-digital.fr\/SOPHIEMONAVOCATE\/wp-json\/wp\/v2\/media\/702"}],"wp:attachment":[{"href":"https:\/\/ln-digital.fr\/SOPHIEMONAVOCATE\/wp-json\/wp\/v2\/media?parent=326"}],"wp:term":[{"taxonomy":"product_cat","embeddable":true,"href":"https:\/\/ln-digital.fr\/SOPHIEMONAVOCATE\/wp-json\/wp\/v2\/product_cat?post=326"},{"taxonomy":"product_tag","embeddable":true,"href":"https:\/\/ln-digital.fr\/SOPHIEMONAVOCATE\/wp-json\/wp\/v2\/product_tag?post=326"}],"curies":[{"name":"wp","href":"https:\/\/api.w.org\/{rel}","templated":true}]}}