{"id":327,"date":"2021-12-06T15:37:28","date_gmt":"2021-12-06T14:37:28","guid":{"rendered":"https:\/\/ln-digital.fr\/SOPHIEMONAVOCATE\/?post_type=product&#038;p=327"},"modified":"2022-06-07T11:52:48","modified_gmt":"2022-06-07T09:52:48","slug":"les-mentions-legales","status":"publish","type":"product","link":"https:\/\/ln-digital.fr\/SOPHIEMONAVOCATE\/services\/les-mentions-legales\/","title":{"rendered":"Des mentions l\u00e9gales"},"content":{"rendered":"","protected":false},"excerpt":{"rendered":"<p><strong>Pour qui ?<\/strong><br \/>\nPour celui qui \u00e9dite un site internet ou une application qu\u2019il soit tourn\u00e9 vers le e-commerce ou non.<\/p>\n<p><b>Qu&rsquo;est ce que c&rsquo;est ? <\/b><br \/>\nDes informations qui ont pour objet d\u2019identifier le propri\u00e9taire du site web ou de l\u2019application.<\/p>\n<p><b>Pourquoi ? <\/b><br \/>\npour informer les internautes de l\u2019identit\u00e9 de l\u2019\u00e9diteur professionnel ou de l\u2019\u00e9diteur non-professionnel afin notamment de le contacter en cas de probl\u00e8mes li\u00e9s au site.<br \/>\nEx\u00a0: pour les \u00e9diteurs professionnels\u00a0: c\u2019est obligatoire\u00a0! A d\u00e9faut on s\u2019expose \u00e0 une condamnation p\u00e9nale pour infraction \/ pour les \u00e9diteurs non professionnels\u00a0: pas d\u2019obligation de mettre des mentions l\u00e9gales mais ils doivent communiquer les informations sur l\u2019h\u00e9bergeur du site.<\/p>\n<blockquote><p>\u00ab Tout comme en mati\u00e8re de CGV, le fait de copier\/coller mot \u00e0 mot les mentions l\u00e9gales d\u2019un site internet concurrent peut constituer un acte de concurrence d\u00e9loyale en parasitisme. \u00bb<\/p><\/blockquote>\n<p>&nbsp;<\/p>\n","protected":false},"featured_media":705,"comment_status":"open","ping_status":"closed","template":"","meta":[],"product_cat":[16],"product_tag":[],"class_list":["post-327","product","type-product","status-publish","has-post-thumbnail","hentry","product_cat-les-documents"],"acf":[],"_links":{"self":[{"href":"https:\/\/ln-digital.fr\/SOPHIEMONAVOCATE\/wp-json\/wp\/v2\/product\/327","targetHints":{"allow":["GET"]}}],"collection":[{"href":"https:\/\/ln-digital.fr\/SOPHIEMONAVOCATE\/wp-json\/wp\/v2\/product"}],"about":[{"href":"https:\/\/ln-digital.fr\/SOPHIEMONAVOCATE\/wp-json\/wp\/v2\/types\/product"}],"replies":[{"embeddable":true,"href":"https:\/\/ln-digital.fr\/SOPHIEMONAVOCATE\/wp-json\/wp\/v2\/comments?post=327"}],"wp:featuredmedia":[{"embeddable":true,"href":"https:\/\/ln-digital.fr\/SOPHIEMONAVOCATE\/wp-json\/wp\/v2\/media\/705"}],"wp:attachment":[{"href":"https:\/\/ln-digital.fr\/SOPHIEMONAVOCATE\/wp-json\/wp\/v2\/media?parent=327"}],"wp:term":[{"taxonomy":"product_cat","embeddable":true,"href":"https:\/\/ln-digital.fr\/SOPHIEMONAVOCATE\/wp-json\/wp\/v2\/product_cat?post=327"},{"taxonomy":"product_tag","embeddable":true,"href":"https:\/\/ln-digital.fr\/SOPHIEMONAVOCATE\/wp-json\/wp\/v2\/product_tag?post=327"}],"curies":[{"name":"wp","href":"https:\/\/api.w.org\/{rel}","templated":true}]}}